6. Calculate f(-7).
-293
Let x(i) = -2*i**3 + 17*i**2 - 46*i + 99. What is x(6)?
3
Let j(a) = -2*a**2 - 936*a - 3759. Calculate j(-4).
-47
Let t(v) = -55*v + 51. What is t(2)?
-59
Let m(t) = 7*t**2 - 26*t + 6. Give m(3).
-9
Let v(u) = u**3 + 26*u**2 - 35*u - 52. Give v(-27).
164
Let r(l) = -262*l + 1570. Calculate r(5).
260
Let f(v) = -v**2 - 18*v - 68. Give f(-17).
-51
Let s(k) = -3*k - 95. Give s(-30).
-5
Let z(g) = -3*g**3 + 15*g**2 + 5*g + 8. Determine z(6).
-70
Let l(z) = z**3 + 48*z**2 - 3*z - 146. What is l(-48)?
-2
Let z(s) = -52*s + 43. Give z(4).
-165
Let t(s) = -s**3 - s**2 + 84*s + 8. Determine t(0).
8
Let f(l) = -901*l**2 + 9011*l - 16. What is f(10)?
-6
Let l(s) = s**3 + 127*s**2 + 1278*s + 173. Give l(-116).
-59
Let k(n) = -3*n**3 + 73*n**2 - 27*n + 66. Determine k(24).
-6
Let z(h) = -91*h + 461. Calculate z(5).
6
Let h(d) = 80*d + 29. Calculate h(3).
269
Let h(a) = -402*a + 817. Calculate h(2).
13
Let j(b) = b**3 + 47*b**2 - 35*b + 607. What is j(-48)?
-17
Let g(u) = -29*u. Give g(2).
-58
Let f(n) = n**2 + 4*n - 275. Give f(-18).
-23
Let t(q) = -q**3 - 21*q**2 + 7*q - 5. What is t(-21)?
-152
Let k(q) = -3*q + 179. What is k(85)?
-76
Let q(l) = l**3 - l**2 + 3*l + 9. Calculate q(0).
9
Let m(q) = 4*q**2 - 48*q + 18. Give m(13).
70
Let v(f) = 212*f - 211. Determine v(1).
1
Let r(s) = -s**2 + 1222*s - 25242. Determine r(21).
-21
Let o(n) = -n**2 - 17*n - 51. Determine o(-5).
9
Let q(z) = z**2 - 416*z + 2069. What is q(5)?
14
Let c(d) = -d**3 + 44*d**2 - 228*d + 5. Give c(6).
5
Let x(m) = m**2 + 68*m + 532. Determine x(-59).
1
Let v(u) = -u**3 + 41*u**2 - 346*u - 29. Give v(12).
-5
Let b(d) = -d**2 - 38*d - 279. What is b(-26)?
33
Let c(v) = -447*v**3 + 7*v**2 + 11*v + 5. What is c(-1)?
448
Let h(v) = -2*v**3 + 22*v**2 - 4*v + 29. What is h(11)?
-15
Let h(z) = 26*z + 127. Give h(-5).
-3
Let l(k) = 3*k**2 + 345*k - 1430. Calculate l(-119).
-2
Let w(u) = -u**3 + 52*u**2 - 191*u - 31. What is w(48)?
17
Let n(z) = -z**3 + z**2 + z + 20. What is n(3)?
5
Let w(m) = -m**2 - 28*m + 6. Calculate w(-27).
33
Let k(p) = 67*p**2 + 146*p - 10. Calculate k(-2).
-34
Let y(k) = k**3 + 98*k**2 - 202*k - 198. Calculate y(-100).
2
Let m(i) = 4*i**3 + 343*i**2 - 62*i + 2065. Determine m(-86).
1
Let y(j) = -599*j - 4786. What is y(-8)?
6
Let f(h) = 84*h + 7821. Give f(-93).
9
Let v(j) = 83*j - 2477. What is v(30)?
13
Let a(o) = -o**2 + 52*o - 545. Give a(13).
-38
Let u(m) = -m**3 - 12*m**2 + 18*m - 142. What is u(-14)?
-2
Let b(p) = -6*p + 41. Calculate b(-23).
179
Let q(z) = -32*z**2 + 1406*z + 88. Calculate q(44).
0
Let x(y) = -112*y - 240. Determine x(-2).
-16
Let q(f) = -f**3 + 8*f**2 - 5*f - 1. Determine q(7).
13
Let b(x) = -4*x**2 + 5*x - 17. What is b(5)?
-92
Let b(y) = 2*y**3 + 5*y**2 - 16*y + 38. What is b(-5)?
-7
Let f(n) = 2*n**3 - 20*n**2 - 382*n + 3829. Calculate f(10).
9
Let s(h) = 2*h**3 + 13*h**2 + 10*h - 66. Give s(-5).
-41
Let w(h) = 3*h**3 - 130*h**2 + 45*h - 116. Give w(43).
-30
Let c(z) = z**2 + 50*z + 599. Determine c(-22).
-17
Let t(a) = 33*a**2 + 1553*a + 114. Give t(-47).
20
Let c(l) = l**3 - l**2 - 154*l + 31. Determine c(13).
57
Let c(g) = 12*g**2 - 6*g - 46. Calculate c(-4).
170
Let k(n) = 8*n**2 + 4*n + 81. Give k(-4).
193
Let y(q) = 249*q + 1740. Determine y(-7).
-3
Let v(s) = -3*s**2 - 4*s + 34. What is v(-7)?
-85
Let b(c) = 64*c + 282. Calculate b(-19).
-934
Let y(u) = u**2 + 589*u + 8627. Calculate y(-15).
17
Let h(l) = l**3 - 43*l**2 - 44*l - 7. What is h(44)?
-7
Let q(o) = -o**2 + 21*o - 38. Give q(12).
70
Let p(l) = l**3 + 22*l**2 - 9*l - 606. Determine p(-21).
24
Let l(y) = 57*y**3 - 117*y**2 + 8*y - 12. What is l(2)?
-8
Let n(g) = g**3 + 2*g**2 + 18*g - 31. What is n(6)?
365
Let r(j) = 573*j + 3434. What is r(-6)?
-4
Let d(b) = 24*b**2 + 7*b + 16. What is d(-3)?
211
Let z(x) = 2*x**2 - 162*x + 2372. Give z(61).
-68
Let u(n) = -648*n - 27862. Give u(-43).
2
Let r(o) = o**3 - 905*o**2 + 6289*o - 8. Calculate r(7).
13
Let b(l) = 11*l + 26. Determine b(11).
147
Let h(t) = -t**3 - 7*t**2 + 60*t - 1. What is h(-12)?
-1
Let h(d) = d**2 - 362*d - 8440. Calculate h(-22).
8
Let s(k) = 4*k**2 - 136*k - 1098. Determine s(-7).
50
Let b(i) = -1892*i + 270548. What is b(143)?
-8
Let b(g) = 608*g + 583. Give b(-1).
-25
Let d(x) = -x**3 + 7*x**2 - 1697*x + 6741. Calculate d(4).
1
Let x(m) = 2*m**2 - 9*m - 241. Calculate x(-9).
2
Let t(m) = 70*m - 375. Give t(5).
-25
Let r(g) = -6*g**2 + 11*g + 14. Give r(-3).
-73
Let k(c) = -2*c**2 + 53*c - 299. What is k(5)?
-84
Let c(x) = 13*x**2 - 469*x - 469. Give c(-1).
13
Let g(l) = 44*l**2 - 7*l + 4. Calculate g(1).
41
Let u(x) = 7*x**2 - 38*x + 14. What is u(5)?
-1
Let c(o) = 2*o**2 + o + 34. What is c(6)?
112
Let o(m) = -m**3 - 10*m**2 + 17*m - 69. What is o(-12)?
15
Let s(z) = -97*z - 11994. Determine s(-124).
34
Let j(d) = -7*d**2 - 725*d + 1805. Calculate j(-106).
3
Let r(a) = 142*a - 2047. Calculate r(21).
935
Let s(r) = 293*r + 41031. What is s(-140)?
11
Let q(z) = z**2 + 7*z - 82. Calculate q(7).
16
Let r(w) = w**3 - 19*w**2 + 20*w + 16. Determine r(18).
52
Let q(h) = 17*h**2 + h - 26. Give q(-5).
394
Let y(u) = 6*u - 157. Determine y(26).
-1
Let g(n) = -10*n**2 - 326*n + 125. Determine g(-35).
-715
Let a(v) = 6*v**2 - 733*v - 1465. Calculate a(-2).
25
Let t(l) = -l**3 + 9*l**2 - 6*l - 18. Calculate t(7).
38
Let u(a) = 3*a**3 - 31*a**2 - 19*a + 170. Give u(11).
203
Let y(m) = -443*m - 12402. Determine y(-28).
2
Let c(n) = -n**2 - 158*n - 460. Calculate c(-155).
5
Let r(m) = 7*m**2 - 91*m + 91. Calculate r(1).
7
Let z(l) = 621*l - 354. Determine z(2).
888
Let d(a) = a**3 - 31*a**2 - 63*a - 39. Determine d(33).
60
Let h(b) = -10*b**2 - 13*b + 17. Calculate h(-5).
-168
Let y(g) = 58*g**3 - g**2 - 3*g + 3. Give y(1).
57
Let k(l) = -l**3 + l**2 - 13*l + 85. Calculate k(4).
-15
Let a(n) = -12*n + 427. Determine a(59).
-281
Let h(u) = -u**2 + 50*u - 443. Determine h(36).
61
Let k(p) = -22*p + 282. Give k(9).
84
Let z(u) = 17*u**3 - 2*u**2 + 12*u - 23. Calculate z(2).
129
Let y(l) = -61*l - 6. Give y(-1).
55
Let q(r) = -r**3 + 14*r**2 + 28*r + 4. Give q(16).
-60
Let p(s) = 146*s - 176. Determine p(2).
116
Let z(h) = -1641*h + 1642. Give z(1).
1
Let q(k) = -38*k - 54. Give q(-3).
60
Let t(w) = -w**3 + 64*w**2 - 25*w + 15132. Give t(67).
-10
Let u(i) = 3*i**2 + 99*i + 55. Give u(-32).
-41
Let u(n) = n**2 - 111*n + 3077. Calculate u(58).
3
Let u(i) = -3*i**2 - 75*i + 17. Determine u(-25).
17
Let o(u) = -u**2 + 77*u - 1064. What is o(58)?
38
Let i(f) = f + 9. Calculate i(-7).
2
Let p(z) = z**3 + 2*z**2 + 141*z + 617. What is p(-4)?
21
Let w(g) = -g**2 + 11*g + 456. Calculate w(-24).
-384
Let h(r) = -r**3 - 10*r**2 - 6*r + 7. Determine h(-9).
-20
Let m(x) = 1052*x + 7363. Give m(-7).
-1
Let j(l) = 78*l + 2034. Give j(-26).
6
Let t(v) = -219*v + 1759. Calculate t(8).
7
Let n(u) = -5*u**2 - 28*u + 7. What is n(-6)?
-5
Let n(v) = -51*v + 4940. Determine n(97).
-7
Let a(z) = 3*z**2 - 210*z + 600. Determine a(67).
-3
Let c(u) = -9*u**2 + 16*u - 56. What is c(4)?
-136
Let z(q) = -49*q - 764. What is z(-18)?
118
Let m(j) = 2*j**2 - 148*j + 398. Determine m(68).
-418
Let u(t) = -t**2 - 14*t - 45. What is u(-4)?
-5
Let p(t) = 109*t**2 - 179*t + 181. Give p(1).
111
Let h(q) = q**3 - 14*q**2 - 7*q + 76. Determine h(13).
-184
Let r(b) = 3*b**2 - 1288*b - 3892. Give r(-3).
-1
Let v(t) = t**2 - 15*t - 45. Give v(-3).
9
Let o(d) = 2*d**2 - 547*d - 14928. Determine o(-25).
-3
Let r(f) = f**2 - 3*f + 36. Give r(-6).
90
Let f(p) = 5*p + 305. Give f(0).
305
Let m(o) = -12306*o + 73815. Give m(6).
-21
Let p(n) = -n**3 - 56*n**2 + 239*n - 247. Give p(-60).
-187
Let r(w) = -159*w + 33887. What is r(213)?
20
Let u(h) = -6*h**2 + 283*h - 26. What is u(47)?
21
Let o(u) = -u**2 - 24*u - 118. Determine o(-5).
-23
Let p(l) = -2*l**2 + 38*l + 483. Give p(24).
243
Let x(m) = -5595*m + 27961. Give x(5).
-14
Let g(a) = 2*a**2 - 402*a - 9799. Determine g(-22).
13
Let m(n) = -81*n**2 + 975*n - 15. Give m(12).
21
Let v(c) = -c**3 + 16*c**2 + 529*c - 2919. What is v(5)?
1
Let o(h) = -2*h**3 - 9*h**2 + 48*h - 80. Give o(-8).
-16
Let d(n) = 2*n**3 + 5*n**2 - 4*n - 1. Determine d(-4).
-33
Let u(q) = -q**3 + 16*q**2 - 25*q - 47. Determine u(14).
-5
Let b(x) = -x**2 - 79*x - 97. Give b(-78).
-19
Let y(w) = -85*w - 421. What is y(-5)?